{"id":467,"date":"2023-09-07T15:07:39","date_gmt":"2023-09-07T14:07:39","guid":{"rendered":"https:\/\/agriclimate.fazos.hr\/?page_id=467"},"modified":"2024-10-02T13:13:44","modified_gmt":"2024-10-02T12:13:44","slug":"sponsors","status":"publish","type":"page","link":"https:\/\/adaptvitis.fazos.hr\/?page_id=467","title":{"rendered":"Gallery"},"content":{"rendered":"\n<p><strong>Po\u010detna konferencija<\/strong><\/p>\n\n\n\n<figure class=\"wp-block-gallery has-nested-images columns-default is-cropped wp-block-gallery-1 is-layout-flex wp-block-gallery-is-layout-flex\">\n<figure class=\"wp-block-image size-large\"><img loading=\"lazy\" decoding=\"async\" width=\"1024\" height=\"576\" data-id=\"551\" src=\"https:\/\/adaptvitis.fazos.hr\/wp-content\/uploads\/2024\/10\/Pocetna-konferencija-1024x576.jpg\" alt=\"\" class=\"wp-image-551\" srcset=\"https:\/\/adaptvitis.fazos.hr\/wp-content\/uploads\/2024\/10\/Pocetna-konferencija-1024x576.jpg 1024w, https:\/\/adaptvitis.fazos.hr\/wp-content\/uploads\/2024\/10\/Pocetna-konferencija-300x169.jpg 300w, https:\/\/adaptvitis.fazos.hr\/wp-content\/uploads\/2024\/10\/Pocetna-konferencija-768x432.jpg 768w, https:\/\/adaptvitis.fazos.hr\/wp-content\/uploads\/2024\/10\/Pocetna-konferencija-1536x864.jpg 1536w, https:\/\/adaptvitis.fazos.hr\/wp-content\/uploads\/2024\/10\/Pocetna-konferencija.jpg 1600w\" sizes=\"auto, (max-width: 767px) 89vw, (max-width: 1000px) 54vw, (max-width: 1071px) 543px, 580px\" \/><\/figure>\n\n\n\n<figure class=\"wp-block-image size-large\"><img loading=\"lazy\" decoding=\"async\" width=\"1024\" height=\"769\" data-id=\"550\" src=\"https:\/\/adaptvitis.fazos.hr\/wp-content\/uploads\/2024\/10\/Pocetna-konferencija-3-1024x769.jpg\" alt=\"\" class=\"wp-image-550\" srcset=\"https:\/\/adaptvitis.fazos.hr\/wp-content\/uploads\/2024\/10\/Pocetna-konferencija-3-1024x769.jpg 1024w, https:\/\/adaptvitis.fazos.hr\/wp-content\/uploads\/2024\/10\/Pocetna-konferencija-3-300x225.jpg 300w, https:\/\/adaptvitis.fazos.hr\/wp-content\/uploads\/2024\/10\/Pocetna-konferencija-3-768x577.jpg 768w, https:\/\/adaptvitis.fazos.hr\/wp-content\/uploads\/2024\/10\/Pocetna-konferencija-3-1536x1154.jpg 1536w, https:\/\/adaptvitis.fazos.hr\/wp-content\/uploads\/2024\/10\/Pocetna-konferencija-3-2048x1538.jpg 2048w\" sizes=\"auto, (max-width: 767px) 89vw, (max-width: 1000px) 54vw, (max-width: 1071px) 543px, 580px\" \/><\/figure>\n\n\n\n<figure class=\"wp-block-image size-large\"><img loading=\"lazy\" decoding=\"async\" width=\"1024\" height=\"576\" data-id=\"549\" src=\"https:\/\/adaptvitis.fazos.hr\/wp-content\/uploads\/2024\/10\/Pocetna-konferencija-2-1024x576.jpg\" alt=\"\" class=\"wp-image-549\" srcset=\"https:\/\/adaptvitis.fazos.hr\/wp-content\/uploads\/2024\/10\/Pocetna-konferencija-2-1024x576.jpg 1024w, https:\/\/adaptvitis.fazos.hr\/wp-content\/uploads\/2024\/10\/Pocetna-konferencija-2-300x169.jpg 300w, https:\/\/adaptvitis.fazos.hr\/wp-content\/uploads\/2024\/10\/Pocetna-konferencija-2-768x432.jpg 768w, https:\/\/adaptvitis.fazos.hr\/wp-content\/uploads\/2024\/10\/Pocetna-konferencija-2-1536x864.jpg 1536w, https:\/\/adaptvitis.fazos.hr\/wp-content\/uploads\/2024\/10\/Pocetna-konferencija-2.jpg 1600w\" sizes=\"auto, (max-width: 767px) 89vw, (max-width: 1000px) 54vw, (max-width: 1071px) 543px, 580px\" \/><\/figure>\n<\/figure>\n\n\n\n<p><strong>Provedba istra\u017eivanja &#8211; Mandi\u0107evac<\/strong><\/p>\n\n\n\n<figure class=\"wp-block-gallery has-nested-images columns-default is-cropped wp-block-gallery-2 is-layout-flex wp-block-gallery-is-layout-flex\">\n<figure class=\"wp-block-image size-large\"><img loading=\"lazy\" decoding=\"async\" width=\"1024\" height=\"768\" data-id=\"552\" src=\"https:\/\/adaptvitis.fazos.hr\/wp-content\/uploads\/2024\/10\/Provedba-istrazivanja-Mandicevac-1-1024x768.jpg\" alt=\"\" class=\"wp-image-552\" srcset=\"https:\/\/adaptvitis.fazos.hr\/wp-content\/uploads\/2024\/10\/Provedba-istrazivanja-Mandicevac-1-1024x768.jpg 1024w, https:\/\/adaptvitis.fazos.hr\/wp-content\/uploads\/2024\/10\/Provedba-istrazivanja-Mandicevac-1-300x225.jpg 300w, https:\/\/adaptvitis.fazos.hr\/wp-content\/uploads\/2024\/10\/Provedba-istrazivanja-Mandicevac-1-768x576.jpg 768w, https:\/\/adaptvitis.fazos.hr\/wp-content\/uploads\/2024\/10\/Provedba-istrazivanja-Mandicevac-1.jpg 1280w\" sizes=\"auto, (max-width: 767px) 89vw, (max-width: 1000px) 54vw, (max-width: 1071px) 543px, 580px\" \/><\/figure>\n\n\n\n<figure class=\"wp-block-image size-large\"><img loading=\"lazy\" decoding=\"async\" width=\"768\" height=\"1024\" data-id=\"553\" src=\"https:\/\/adaptvitis.fazos.hr\/wp-content\/uploads\/2024\/10\/Provedba-istrazivanja-Mandicevac-2-768x1024.jpg\" alt=\"\" class=\"wp-image-553\" srcset=\"https:\/\/adaptvitis.fazos.hr\/wp-content\/uploads\/2024\/10\/Provedba-istrazivanja-Mandicevac-2-768x1024.jpg 768w, https:\/\/adaptvitis.fazos.hr\/wp-content\/uploads\/2024\/10\/Provedba-istrazivanja-Mandicevac-2-225x300.jpg 225w, https:\/\/adaptvitis.fazos.hr\/wp-content\/uploads\/2024\/10\/Provedba-istrazivanja-Mandicevac-2-1152x1536.jpg 1152w, https:\/\/adaptvitis.fazos.hr\/wp-content\/uploads\/2024\/10\/Provedba-istrazivanja-Mandicevac-2-rotated.jpg 1512w\" sizes=\"auto, (max-width: 767px) 89vw, (max-width: 1000px) 54vw, (max-width: 1071px) 543px, 580px\" \/><\/figure>\n\n\n\n<figure class=\"wp-block-image size-large\"><img loading=\"lazy\" decoding=\"async\" width=\"768\" height=\"1024\" data-id=\"554\" src=\"https:\/\/adaptvitis.fazos.hr\/wp-content\/uploads\/2024\/10\/Provedba-istrazivanja-Mandicevac-3-768x1024.jpg\" alt=\"\" class=\"wp-image-554\" srcset=\"https:\/\/adaptvitis.fazos.hr\/wp-content\/uploads\/2024\/10\/Provedba-istrazivanja-Mandicevac-3-768x1024.jpg 768w, https:\/\/adaptvitis.fazos.hr\/wp-content\/uploads\/2024\/10\/Provedba-istrazivanja-Mandicevac-3-225x300.jpg 225w, https:\/\/adaptvitis.fazos.hr\/wp-content\/uploads\/2024\/10\/Provedba-istrazivanja-Mandicevac-3-1152x1536.jpg 1152w, https:\/\/adaptvitis.fazos.hr\/wp-content\/uploads\/2024\/10\/Provedba-istrazivanja-Mandicevac-3-1536x2048.jpg 1536w, https:\/\/adaptvitis.fazos.hr\/wp-content\/uploads\/2024\/10\/Provedba-istrazivanja-Mandicevac-3-scaled.jpg 1920w\" sizes=\"auto, (max-width: 767px) 89vw, (max-width: 1000px) 54vw, (max-width: 1071px) 543px, 580px\" \/><\/figure>\n\n\n\n<figure class=\"wp-block-image size-large\"><img loading=\"lazy\" decoding=\"async\" width=\"768\" height=\"1024\" data-id=\"555\" src=\"https:\/\/adaptvitis.fazos.hr\/wp-content\/uploads\/2024\/10\/Provedba-istrazivanja-Mandicevac-4-768x1024.jpg\" alt=\"\" class=\"wp-image-555\" srcset=\"https:\/\/adaptvitis.fazos.hr\/wp-content\/uploads\/2024\/10\/Provedba-istrazivanja-Mandicevac-4-768x1024.jpg 768w, https:\/\/adaptvitis.fazos.hr\/wp-content\/uploads\/2024\/10\/Provedba-istrazivanja-Mandicevac-4-225x300.jpg 225w, https:\/\/adaptvitis.fazos.hr\/wp-content\/uploads\/2024\/10\/Provedba-istrazivanja-Mandicevac-4-1152x1536.jpg 1152w, https:\/\/adaptvitis.fazos.hr\/wp-content\/uploads\/2024\/10\/Provedba-istrazivanja-Mandicevac-4-1536x2048.jpg 1536w, https:\/\/adaptvitis.fazos.hr\/wp-content\/uploads\/2024\/10\/Provedba-istrazivanja-Mandicevac-4-scaled.jpg 1920w\" sizes=\"auto, (max-width: 767px) 89vw, (max-width: 1000px) 54vw, (max-width: 1071px) 543px, 580px\" \/><\/figure>\n\n\n\n<figure class=\"wp-block-image size-large\"><img loading=\"lazy\" decoding=\"async\" width=\"768\" height=\"1024\" data-id=\"556\" src=\"https:\/\/adaptvitis.fazos.hr\/wp-content\/uploads\/2024\/10\/Provedba-istrazivanja-Mandicevac-5-768x1024.jpg\" alt=\"\" class=\"wp-image-556\" srcset=\"https:\/\/adaptvitis.fazos.hr\/wp-content\/uploads\/2024\/10\/Provedba-istrazivanja-Mandicevac-5-768x1024.jpg 768w, https:\/\/adaptvitis.fazos.hr\/wp-content\/uploads\/2024\/10\/Provedba-istrazivanja-Mandicevac-5-225x300.jpg 225w, https:\/\/adaptvitis.fazos.hr\/wp-content\/uploads\/2024\/10\/Provedba-istrazivanja-Mandicevac-5-1152x1536.jpg 1152w, https:\/\/adaptvitis.fazos.hr\/wp-content\/uploads\/2024\/10\/Provedba-istrazivanja-Mandicevac-5-1536x2048.jpg 1536w, https:\/\/adaptvitis.fazos.hr\/wp-content\/uploads\/2024\/10\/Provedba-istrazivanja-Mandicevac-5-scaled.jpg 1920w\" sizes=\"auto, (max-width: 767px) 89vw, (max-width: 1000px) 54vw, (max-width: 1071px) 543px, 580px\" \/><\/figure>\n<\/figure>\n","protected":false},"excerpt":{"rendered":"<p>Po\u010detna konferencija Provedba istra\u017eivanja &#8211; Mandi\u0107evac<\/p>\n","protected":false},"author":1,"featured_media":0,"parent":0,"menu_order":0,"comment_status":"closed","ping_status":"closed","template":"","meta":{"footnotes":""},"class_list":["post-467","page","type-page","status-publish","hentry"],"_links":{"self":[{"href":"https:\/\/adaptvitis.fazos.hr\/index.php?rest_route=\/wp\/v2\/pages\/467","targetHints":{"allow":["GET"]}}],"collection":[{"href":"https:\/\/adaptvitis.fazos.hr\/index.php?rest_route=\/wp\/v2\/pages"}],"about":[{"href":"https:\/\/adaptvitis.fazos.hr\/index.php?rest_route=\/wp\/v2\/types\/page"}],"author":[{"embeddable":true,"href":"https:\/\/adaptvitis.fazos.hr\/index.php?rest_route=\/wp\/v2\/users\/1"}],"replies":[{"embeddable":true,"href":"https:\/\/adaptvitis.fazos.hr\/index.php?rest_route=%2Fwp%2Fv2%2Fcomments&post=467"}],"version-history":[{"count":13,"href":"https:\/\/adaptvitis.fazos.hr\/index.php?rest_route=\/wp\/v2\/pages\/467\/revisions"}],"predecessor-version":[{"id":566,"href":"https:\/\/adaptvitis.fazos.hr\/index.php?rest_route=\/wp\/v2\/pages\/467\/revisions\/566"}],"wp:attachment":[{"href":"https:\/\/adaptvitis.fazos.hr\/index.php?rest_route=%2Fwp%2Fv2%2Fmedia&parent=467"}],"curies":[{"name":"wp","href":"https:\/\/api.w.org\/{rel}","templated":true}]}}